s digit of j?
1
Let r = 60 - 4. What is the tens digit of r?
5
Let t(b) = -b**3 - 13*b**2 - 6*b - 9. Let d be t(-12). What is the units digit of (d/12 - -3)*-8?
0
Let x(r) = -9*r + 9. Let n be (-1)/((-4)/3 + 1). Let o(f) = 4*f - 4. Let g(t) = n*x(t) + 7*o(t). What is the units digit of g(2)?
1
Let u(j) = j**2 - 5*j + 2. Let s be u(7). Let k be s/6 + (-1)/(-3). Suppose -4*w - 2*f + 80 = 0, -80 = -w - 3*w - k*f. What is the units digit of w?
0
Let m be (24/(-28))/(2/14). Let z be (5/(-2))/(3/m). Suppose 2*q + k - 25 = 0, -2*q - 2*q = z*k - 53. What is the units digit of q?
2
What is the tens digit of 208/2*(-5)/(-10)?
5
Let x = 22 + 7. What is the units digit of x?
9
Let s(j) = -j**3 - 10*j**2 + 10*j - 17. What is the units digit of s(-12)?
1
What is the tens digit of 54 - (-3 + 1 - -5)?
5
Let v(d) = d**3 - d + 1. Let h = -1 + 3. What is the units digit of v(h)?
7
Let q be 4/1 - (2 + 0). Suppose -3*d - q*c - 10 + 35 = 0, 4*d + 3*c = 33. What is the units digit of d?
9
Suppose 681 = 5*l + 61. What is the tens digit of l?
2
What is the units digit of ((-34)/4)/((-2)/4)?
7
Let n = 2 + 10. What is the tens digit of n?
1
Let v(j) be the second derivative of j**4/12 - j**3/2 - 3*j**2/2 - j. Let k be v(-2). Let w = k + 0. What is the units digit of w?
7
Let m(w) = -w + 18. What is the units digit of m(-11)?
9
Let t(x) = x**3 - 13*x**2 + 14*x - 18. Let w(b) = -b**2 - 12*b + 12. Let k be w(-12). What is the units digit of t(k)?
6
Suppose 2*s + 10 = 4*s. Let x = s + -2. What is the units digit of 49/x - 4/12?
6
Let k be ((-3)/2)/((-2)/4). Let h = 4 - k. Suppose m - 2 = h. What is the units digit of m?
3
Suppose 0 = f + 5*c - 171, -5*c = -f + 3*f - 332. What is the hundreds digit of f?
1
Let n be (-2 - -6)*(2 - 1). Suppose -n*v - 20 = -q, 0*v = 3*q + 3*v. What is the units digit of q*(33/12 - 1)?
7
What is the tens digit of (0 + -2 + -2)*(-245)/14?
7
Let o be ((-6)/(-8))/(1/(-88)). Let s = -38 - o. What is the units digit of s?
8
Let z = -15 + 7. Let a = -1 + z. Let s = a - -17. What is the units digit of s?
8
Suppose -3*y + 6 = -15. Suppose 5*j - 3*s + 37 = 0, 0*s = -3*j - 2*s - y. Let u = j - -12. What is the units digit of u?
7
Let q = 107 + -33. What is the units digit of q?
4
Let b(o) = 13*o**2 + 2*o + 2. What is the tens digit of b(-3)?
1
What is the units digit of (-17)/((-20)/18 + 1)?
3
What is the tens digit of (18/27)/(2/726)?
4
Let o(g) = g - 1. Let k be o(1). Let s = k + 5. What is the units digit of s?
5
Let x be 2/10 - (-87)/15. Suppose -j = -x + 2. What is the units digit of j?
4
Let h be (-2)/1*(-4)/8. Let n(u) = -1 - 2 + h + u + 8*u. What is the tens digit of n(2)?
1
Let q be ((-4)/(-6))/((-5)/90). Let u be (-2)/(-3) - 40/q. Suppose -9 = -u*b + 3. What is the units digit of b?
3
Let c(w) = w**3 + 8*w**2 - 8*w + 8. Let j be c(-9). Let g = 4 - j. What is the units digit of g?
5
Let d(m) = m**2 + 4*m - 6. What is the tens digit of d(-9)?
3
Suppose 5*g + 5*w = -10, 2*g - w + 14 = -2. What is the units digit of 6/((g/2)/(-12))?
4
Let h(b) = 1 - 3*b**3 + 4*b + 0*b**2 - 3*b + 2*b - 2*b**2. What is the units digit of h(-3)?
5
Let u(d) = -d**3 + 6*d**2 + 2*d - 8. Let w be u(6). Suppose -2*v = -4*p - 2 - 50, 0 = -w*v + 3*p + 79. What is the units digit of v?
6
Let l be (0 + -3)*(-5)/(-1). Let q = l - -27. What is the units digit of q?
2
Let n(j) = -j**3 + 17*j**2 - 34*j - 3. What is the units digit of n(6)?
9
Let h(m) = m**3 + 10*m**2 - 10*m + 12. What is the tens digit of h(-10)?
1
Let w(i) = -i**3 - 19*i**2 - 20*i - 9. What is the tens digit of w(-18)?
2
Let r(l) = -l**3 - l**2 + 60. What is the tens digit of r(0)?
6
What is the units digit of ((-2)/4)/(14/(-1176))?
2
Suppose -9*a - 160 = -13*a. What is the units digit of a?
0
Let o = -171 + 337. What is the hundreds digit of o?
1
Let g = 93 + 94. What is the tens digit of g?
8
Suppose 4*p + b = 408 + 275, -4*b - 668 = -4*p. What is the tens digit of p?
7
Let u(s) = 2*s + 2. Let i be u(-5). Let y be (i + 7)/((-2)/10). Suppose -y = -2*z + 9. What is the units digit of z?
7
Suppose 0 = -2*x + x + 171. What is the units digit of x?
1
Suppose 159 = 4*c - c. What is the tens digit of c?
5
Suppose -9 - 15 = -5*u - r, -4*u = 5*r - 36. Suppose -3*c - 2*c = 5*j - 140, -2*j + 50 = -u*c. What is the tens digit of j?
2
What is the units digit of 1 + (33*4 - (14 - 14))?
3
Let p(d) = 2*d**2 + 9*d + 9. What is the tens digit of p(-9)?
9
Suppose 0 = -b - 3*b + 472. What is the tens digit of b?
1
Let j(f) = -4*f + 3 + 2*f - f**2 + 6*f**2 + f**3 - f. Let w be j(-5). Let p = 35 - w. What is the units digit of p?
7
Let j(f) = f**3 + 12*f**2 + 16. What is the tens digit of j(-12)?
1
Let n(c) = 3*c + 6 - 5 - c. What is the units digit of n(1)?
3
Let b be (-32)/5 - (-12)/30. Let z be (-1)/(-3 + (-15)/b). Suppose z*d = 17 + 13. What is the units digit of d?
5
Suppose 0 = -w - 4, -2*w = -0*i - 5*i + 13. Let g = i + 9. What is the units digit of g?
0
Suppose -2*d + 259 = -109. What is the tens digit of d?
8
Suppose 0 = 6*p - 4*p - 56. What is the units digit of p?
8
Suppose q = -2 + 51. Suppose -2*m + q + 13 = 0. What is the tens digit of m?
3
What is the units digit of 38/(3*(-2)/(-12))?
6
Let u(n) be the third derivative of n**6/180 - n**5/60 + n**4/12 + 2*n**2. Let c(m) be the second derivative of u(m). What is the tens digit of c(4)?
1
Suppose 13 + 11 = -h. Let y = h - -25. What is the units digit of y?
1
Let c(g) = -2*g**3 - 6*g**2 + 8*g + 1. Let w(v) = 0*v**3 + 6*v**2 + 0*v**3 + v**3 - 2 - 7*v. Let y(p) = -2*c(p) - 3*w(p). What is the units digit of y(5)?
4
Let u = 11 + 29. Let m = -20 + u. Suppose 5*y + 4*j = 65, -5*y + 3*j + 10 = -m. What is the units digit of y?
9
Let k(t) = -t**3 + 0*t**3 + 2*t**2 + 8*t + 4 - 8*t**2. Let l be k(-7). What is the units digit of ((-2)/4)/(l/12)?
2
Suppose 2*a + 13 = a - 4*o, -4*o = -5*a + 7. Let p = 5 - a. What is the units digit of p?
6
What is the tens digit of ((-2)/(-2))/(4/328)?
8
Let x(s) = -45*s. Let r be x(-1). Suppose 0 = 3*t - 24 - r. What is the tens digit of t?
2
Suppose 3*r = 2*q - 0*q + 229, -r + q = -77. What is the tens digit of r?
7
Let k = 11 + -7. Suppose -3*o + 4 - 10 = 0, -2*u - k*o - 6 = 0. What is the units digit of u?
1
Let t = -41 + 17. Suppose 5*n = 2*r - 7*r - 70, 2*n - r = -16. What is the units digit of 4/n - t/10?
2
Suppose 0 = -4*q + 230 + 166. Suppose 5*t - 108 = 4*x, x = -6*t + 2*t + q. Suppose 24 = 4*p - t. What is the units digit of p?
2
Let m(a) = -14*a**3 - 2*a - 1. Let h be m(-1). Suppose -2*i + h + 37 = 0. What is the tens digit of i?
2
Let n(f) = 26*f + 6. Let c be n(4). Let l = c - 61. What is the tens digit of l?
4
Let k = 32 + -31. What is the units digit of k?
1
Suppose 4*y + 3*s = 2*s + 735, -205 = -y + 4*s. What is the units digit of y?
5
Suppose 0 = 2*v + 5 + 3. Let k be (v/3)/(16/(-24)). Suppose -3 + 35 = k*m. What is the units digit of m?
6
Let n = 21 + -2. What is the units digit of n?
9
Let h = 58 - 27. What is the tens digit of h?
3
Let h = 38 + 24. What is the units digit of h?
2
Suppose -64*x + 60*x = -80. What is the units digit of x?
0
Suppose -135 = 5*p + 3*n - 973, 4*p - 660 = -5*n. What is the tens digit of p?
7
What is the units digit of ((-400)/30)/(0 - 2/9)?
0
Let u(y) = -16 + y**2 - 16*y + 10*y**2 - 12*y**2 + 0*y. What is the tens digit of u(-13)?
2
Suppose -8 = -2*q + 2*l - 0*l, -l + 6 = q. Suppose 4*k = -q*b + 111, -105 = -6*k + 2*k - 3*b. What is the units digit of (k/10)/((-3)/(-10))?
8
Suppose -4*d = -d - 165. Let u = 77 - d. What is the units digit of u?
2
What is the tens digit of (-3246)/(-9) + (-3)/(-9)?
6
Suppose 8*d + 2576 = 22*d. What is the units digit of d?
4
Suppose 0 = -0*d + 3*d - 81. What is the tens digit of d?
2
Suppose 4*t + 2 + 2 = 0, 2*t = -b. What is the units digit of 0 - b/1*-1?
2
Let x be 3/(3/(-26)) - 2. Let g = x + 39. What is the units digit of g?
1
Let x(b) = -2*b**3 + b**2. Let o be x(1). Let p(r) = 15*r**2 - 3*r**2 - 1 + r + 2. What is the tens digit of p(o)?
1
Let m(b) = -b**3 + 5*b**2 + 4*b. Let n = 16 + -29. Let s = n - -18. What is the units digit of m(s)?
0
Suppose 2*f = -4*h + 196 + 424, 0 = h + 2. What is the units digit of f?
4
Suppose -z = q - 14, 4*q + 2*z + 0*z - 62 = 0. Let a = q - 8. What is the units digit of a?
9
Let x(f) = -3*f**2 - f - 1. Let a be x(-1). What is the 